{"id":773,"date":"2020-11-04T21:52:49","date_gmt":"2020-11-04T20:52:49","guid":{"rendered":"http:\/\/dpsg-wernau.de\/wordpress\/?page_id=773"},"modified":"2021-05-08T19:22:46","modified_gmt":"2021-05-08T17:22:46","slug":"pfadfinderinnen","status":"publish","type":"page","link":"https:\/\/dpsg-wernau.de\/wordpress\/pfadfinderinnen\/","title":{"rendered":"PSG"},"content":{"rendered":"\t\t<div data-elementor-type=\"wp-page\" data-elementor-id=\"773\" class=\"elementor elementor-773\">\n\t\t\t\t\t\t<div class=\"elementor-inner\">\n\t\t\t\t<div class=\"elementor-section-wrap\">\n\t\t\t\t\t\t\t\t\t<section class=\"elementor-section elementor-top-section elementor-element elementor-element-b3dd314 elementor-section-boxed elementor-section-height-default elementor-section-height-default\" data-id=\"b3dd314\" data-element_type=\"section\">\n\t\t\t\t\t\t<div class=\"elementor-container elementor-column-gap-default\">\n\t\t\t\t\t\t\t<div class=\"elementor-row\">\n\t\t\t\t\t<div class=\"elementor-column elementor-col-100 elementor-top-column elementor-element elementor-element-7c762718\" data-id=\"7c762718\" data-element_type=\"column\">\n\t\t\t<div class=\"elementor-column-wrap elementor-element-populated\">\n\t\t\t\t\t\t\t<div class=\"elementor-widget-wrap\">\n\t\t\t\t\t\t<div class=\"elementor-element elementor-element-11fa6c0a elementor-widget elementor-widget-heading\" data-id=\"11fa6c0a\" data-element_type=\"widget\" data-widget_type=\"heading.default\">\n\t\t\t\t<div class=\"elementor-widget-container\">\n\t\t\t<h2 class=\"elementor-heading-title elementor-size-default\">PSG<\/h2>\t\t<\/div>\n\t\t\t\t<\/div>\n\t\t\t\t<div class=\"elementor-element elementor-element-6f9b4866 elementor-widget elementor-widget-heading\" data-id=\"6f9b4866\" data-element_type=\"widget\" data-widget_type=\"heading.default\">\n\t\t\t\t<div class=\"elementor-widget-container\">\n\t\t\t<h2 class=\"elementor-heading-title elementor-size-default\">Geschichte der Pfadfinderinnenbewegung\n<\/h2>\t\t<\/div>\n\t\t\t\t<\/div>\n\t\t\t\t<div class=\"elementor-element elementor-element-7ffb6316 elementor-widget elementor-widget-text-editor\" data-id=\"7ffb6316\" data-element_type=\"widget\" data-widget_type=\"text-editor.default\">\n\t\t\t\t<div class=\"elementor-widget-container\">\n\t\t\t\t\t\t\t\t<div class=\"elementor-text-editor elementor-clearfix\">\n\t\t\t\t<p><strong>1907<\/strong><br \/>Robert Baden-Powell (B.P.) begeistert mit seinen Gedanken des Pfadfindens die Jugend; er organisiert das erste Lager auf der Insel Brownsea (England) f\u00fcr Jungen, die \u201eScouts\u201c sein wollen.<\/p><p><strong>1908<\/strong><br \/>\u201eBiPi\u201c ver\u00f6ffentlicht sein Buch \u201eScouting for Boys\u201c als Ansto\u00df Friedens-Pfadfinder zu werden und l\u00f6st damit in England, sp\u00e4ter in der ganzen Welt, eine Welle der Begeisterung aus.<\/p><p><strong>1909<\/strong><br \/>Beim ersten gro\u00dfen Treffen der Boy Scouts in London taucht \u00fcberraschend eine M\u00e4dchengruppe auf.<\/p><p><strong>1916<\/strong><br \/>Lady Olave, Baden-Powell\u2019s Frau, \u00fcbernimmt die Organisation der \u201eGirl Guides\u201c.<\/p><p><strong>1928<\/strong><br \/>Gr\u00fcndung des Weltbundes der Pfadfinderinnen: \u201eWorld Association of Girl Guides and Girl Scouts\u201c<\/p><p><strong>1931<\/strong><br \/>Sch\u00fclerinnen in Saarbr\u00fccken h\u00f6ren im Englisch-Unterricht von der PfadfinderInnenbewegung und bilden die ersten Pfadfinderinnengruppen. Sie nennen sich \u201eBund katholischer Pfadfinderinnen\u201c.<\/p><p><strong>1932<\/strong><br \/>Im Raum Aachen geben sich die \u201eHildegardispfadfinderinnen\u201c eine Bundesordnung.<\/p><p><strong>1935<\/strong><br \/>Im Zuge der Gleichschaltungspolitik verbietet das NS-Regime konfessionelle Jugendverb\u00e4nde. Die Hildegardispfadfinderinnen und nach der Angliederung des Saarlandes auch der Bund der Katholischen Pfadfinderinnen m\u00fcssen sich aufl\u00f6sen, doch viele arbeiten im Verborgenen weiter.<\/p>\t\t\t\t\t<\/div>\n\t\t\t\t\t\t<\/div>\n\t\t\t\t<\/div>\n\t\t\t\t\t\t<\/div>\n\t\t\t\t\t<\/div>\n\t\t<\/div>\n\t\t\t\t\t\t\t\t<\/div>\n\t\t\t\t\t<\/div>\n\t\t<\/section>\n\t\t\t\t\t\t\t\t\t<\/div>\n\t\t\t<\/div>\n\t\t\t\t\t<\/div>\n\t\t","protected":false},"excerpt":{"rendered":"<p>PSG Geschichte der Pfadfinderinnenbewegung 1907 Robert Baden-Powell (B.P.) begeistert mit seinen Gedanken des Pfadfindens die Jugend; er organisiert das erste Lager auf der Insel Brownsea (England) f\u00fcr Jungen, die \u201eScouts\u201c sein wollen. 1908 \u201eBiPi\u201c ver\u00f6ffentlicht sein Buch \u201eScouting for Boys\u201c als Ansto\u00df Friedens-Pfadfinder zu werden und l\u00f6st damit in England, sp\u00e4ter in der ganzen Welt,&#8230;<\/p>\n","protected":false},"author":2,"featured_media":0,"parent":0,"menu_order":0,"comment_status":"closed","ping_status":"closed","template":"","meta":[],"yoast_head":"<!-- This site is optimized with the Yoast SEO plugin v19.14 - https:\/\/yoast.com\/wordpress\/plugins\/seo\/ -->\n<title>Pfadfinderinnenschaft St. Georg - [D]PSG Wernau<\/title>\n<meta name=\"description\" content=\"Die Pfadfinderinnenschaft St. Georg (PSG) ist ein 1947 gegr\u00fcndeter M\u00e4dchen- und Frauenverband. Der Stamm Wernau geh\u00f6rt zur Di\u00f6zese Rottenburg-Stuttgart.\" \/>\n<meta name=\"robots\" content=\"index, follow, max-snippet:-1, max-image-preview:large, max-video-preview:-1\" \/>\n<link rel=\"canonical\" href=\"https:\/\/dpsg-wernau.de\/wordpress\/pfadfinderinnen\/\" \/>\n<meta property=\"og:locale\" content=\"de_DE\" \/>\n<meta property=\"og:type\" content=\"article\" \/>\n<meta property=\"og:title\" content=\"Pfadfinderinnenschaft St. Georg - [D]PSG Wernau\" \/>\n<meta property=\"og:description\" content=\"Die Pfadfinderinnenschaft St. Georg (PSG) ist ein 1947 gegr\u00fcndeter M\u00e4dchen- und Frauenverband. Der Stamm Wernau geh\u00f6rt zur Di\u00f6zese Rottenburg-Stuttgart.\" \/>\n<meta property=\"og:url\" content=\"https:\/\/dpsg-wernau.de\/wordpress\/pfadfinderinnen\/\" \/>\n<meta property=\"og:site_name\" content=\"[D]PSG Wernau\" \/>\n<meta property=\"article:modified_time\" content=\"2021-05-08T17:22:46+00:00\" \/>\n<meta name=\"twitter:card\" content=\"summary_large_image\" \/>\n<meta name=\"twitter:label1\" content=\"Gesch\u00e4tzte Lesezeit\" \/>\n\t<meta name=\"twitter:data1\" content=\"1\u00a0Minute\" \/>\n<script type=\"application\/ld+json\" class=\"yoast-schema-graph\">{\"@context\":\"https:\/\/schema.org\",\"@graph\":[{\"@type\":\"WebPage\",\"@id\":\"https:\/\/dpsg-wernau.de\/wordpress\/pfadfinderinnen\/\",\"url\":\"https:\/\/dpsg-wernau.de\/wordpress\/pfadfinderinnen\/\",\"name\":\"Pfadfinderinnenschaft St. Georg - [D]PSG Wernau\",\"isPartOf\":{\"@id\":\"https:\/\/dpsg-wernau.de\/wordpress\/#website\"},\"datePublished\":\"2020-11-04T20:52:49+00:00\",\"dateModified\":\"2021-05-08T17:22:46+00:00\",\"description\":\"Die Pfadfinderinnenschaft St. Georg (PSG) ist ein 1947 gegr\u00fcndeter M\u00e4dchen- und Frauenverband. Der Stamm Wernau geh\u00f6rt zur Di\u00f6zese Rottenburg-Stuttgart.\",\"breadcrumb\":{\"@id\":\"https:\/\/dpsg-wernau.de\/wordpress\/pfadfinderinnen\/#breadcrumb\"},\"inLanguage\":\"de\",\"potentialAction\":[{\"@type\":\"ReadAction\",\"target\":[\"https:\/\/dpsg-wernau.de\/wordpress\/pfadfinderinnen\/\"]}]},{\"@type\":\"BreadcrumbList\",\"@id\":\"https:\/\/dpsg-wernau.de\/wordpress\/pfadfinderinnen\/#breadcrumb\",\"itemListElement\":[{\"@type\":\"ListItem\",\"position\":1,\"name\":\"Startseite\",\"item\":\"https:\/\/dpsg-wernau.de\/wordpress\/\"},{\"@type\":\"ListItem\",\"position\":2,\"name\":\"PSG\"}]},{\"@type\":\"WebSite\",\"@id\":\"https:\/\/dpsg-wernau.de\/wordpress\/#website\",\"url\":\"https:\/\/dpsg-wernau.de\/wordpress\/\",\"name\":\"[D]PSG Wernau\",\"description\":\"Deutsche Pfadfinderschaft St. Georg und Pfadfinderinnenschaft St. Georg\",\"potentialAction\":[{\"@type\":\"SearchAction\",\"target\":{\"@type\":\"EntryPoint\",\"urlTemplate\":\"https:\/\/dpsg-wernau.de\/wordpress\/?s={search_term_string}\"},\"query-input\":\"required name=search_term_string\"}],\"inLanguage\":\"de\"}]}<\/script>\n<!-- \/ Yoast SEO plugin. -->","yoast_head_json":{"title":"Pfadfinderinnenschaft St. Georg - [D]PSG Wernau","description":"Die Pfadfinderinnenschaft St. Georg (PSG) ist ein 1947 gegr\u00fcndeter M\u00e4dchen- und Frauenverband. Der Stamm Wernau geh\u00f6rt zur Di\u00f6zese Rottenburg-Stuttgart.","robots":{"index":"index","follow":"follow","max-snippet":"max-snippet:-1","max-image-preview":"max-image-preview:large","max-video-preview":"max-video-preview:-1"},"canonical":"https:\/\/dpsg-wernau.de\/wordpress\/pfadfinderinnen\/","og_locale":"de_DE","og_type":"article","og_title":"Pfadfinderinnenschaft St. Georg - [D]PSG Wernau","og_description":"Die Pfadfinderinnenschaft St. Georg (PSG) ist ein 1947 gegr\u00fcndeter M\u00e4dchen- und Frauenverband. Der Stamm Wernau geh\u00f6rt zur Di\u00f6zese Rottenburg-Stuttgart.","og_url":"https:\/\/dpsg-wernau.de\/wordpress\/pfadfinderinnen\/","og_site_name":"[D]PSG Wernau","article_modified_time":"2021-05-08T17:22:46+00:00","twitter_card":"summary_large_image","twitter_misc":{"Gesch\u00e4tzte Lesezeit":"1\u00a0Minute"},"schema":{"@context":"https:\/\/schema.org","@graph":[{"@type":"WebPage","@id":"https:\/\/dpsg-wernau.de\/wordpress\/pfadfinderinnen\/","url":"https:\/\/dpsg-wernau.de\/wordpress\/pfadfinderinnen\/","name":"Pfadfinderinnenschaft St. Georg - [D]PSG Wernau","isPartOf":{"@id":"https:\/\/dpsg-wernau.de\/wordpress\/#website"},"datePublished":"2020-11-04T20:52:49+00:00","dateModified":"2021-05-08T17:22:46+00:00","description":"Die Pfadfinderinnenschaft St. Georg (PSG) ist ein 1947 gegr\u00fcndeter M\u00e4dchen- und Frauenverband. Der Stamm Wernau geh\u00f6rt zur Di\u00f6zese Rottenburg-Stuttgart.","breadcrumb":{"@id":"https:\/\/dpsg-wernau.de\/wordpress\/pfadfinderinnen\/#breadcrumb"},"inLanguage":"de","potentialAction":[{"@type":"ReadAction","target":["https:\/\/dpsg-wernau.de\/wordpress\/pfadfinderinnen\/"]}]},{"@type":"BreadcrumbList","@id":"https:\/\/dpsg-wernau.de\/wordpress\/pfadfinderinnen\/#breadcrumb","itemListElement":[{"@type":"ListItem","position":1,"name":"Startseite","item":"https:\/\/dpsg-wernau.de\/wordpress\/"},{"@type":"ListItem","position":2,"name":"PSG"}]},{"@type":"WebSite","@id":"https:\/\/dpsg-wernau.de\/wordpress\/#website","url":"https:\/\/dpsg-wernau.de\/wordpress\/","name":"[D]PSG Wernau","description":"Deutsche Pfadfinderschaft St. Georg und Pfadfinderinnenschaft St. Georg","potentialAction":[{"@type":"SearchAction","target":{"@type":"EntryPoint","urlTemplate":"https:\/\/dpsg-wernau.de\/wordpress\/?s={search_term_string}"},"query-input":"required name=search_term_string"}],"inLanguage":"de"}]}},"_links":{"self":[{"href":"https:\/\/dpsg-wernau.de\/wordpress\/wp-json\/wp\/v2\/pages\/773"}],"collection":[{"href":"https:\/\/dpsg-wernau.de\/wordpress\/wp-json\/wp\/v2\/pages"}],"about":[{"href":"https:\/\/dpsg-wernau.de\/wordpress\/wp-json\/wp\/v2\/types\/page"}],"author":[{"embeddable":true,"href":"https:\/\/dpsg-wernau.de\/wordpress\/wp-json\/wp\/v2\/users\/2"}],"replies":[{"embeddable":true,"href":"https:\/\/dpsg-wernau.de\/wordpress\/wp-json\/wp\/v2\/comments?post=773"}],"version-history":[{"count":5,"href":"https:\/\/dpsg-wernau.de\/wordpress\/wp-json\/wp\/v2\/pages\/773\/revisions"}],"predecessor-version":[{"id":941,"href":"https:\/\/dpsg-wernau.de\/wordpress\/wp-json\/wp\/v2\/pages\/773\/revisions\/941"}],"wp:attachment":[{"href":"https:\/\/dpsg-wernau.de\/wordpress\/wp-json\/wp\/v2\/media?parent=773"}],"curies":[{"name":"wp","href":"https:\/\/api.w.org\/{rel}","templated":true}]}}