{"id":761,"date":"2020-11-04T21:38:48","date_gmt":"2020-11-04T20:38:48","guid":{"rendered":"http:\/\/dpsg-wernau.de\/wordpress\/?page_id=761"},"modified":"2022-11-08T10:23:29","modified_gmt":"2022-11-08T09:23:29","slug":"pfadistufe","status":"publish","type":"page","link":"https:\/\/dpsg-wernau.de\/wordpress\/pfadistufe\/","title":{"rendered":"Pfadistufe"},"content":{"rendered":"<h2>Pfadistufe<\/h2>\n<p>Die 10 bis 13-j\u00e4hrigen M\u00e4dchen geh\u00f6ren zu den Pfadis.\u00a0Sie haben hier die M\u00f6glichkeit selbstst\u00e4ndig zu arbeiten und kreativ zu werden, dabei erfahren viel \u00fcber die PSG und ihre eigene Gruppe. Hier ist Abendteuer angesagt!<\/p>\n<p>In den Gruppenstunden basteln, malen und werken wir sehr viel gemeinsam \u2013 sind kreativ, sind an der frischen Luft \u2013 erkunden die Natur. Gehen auf Schnitzeljagd, spielen Outdoorspiele oder gehen auch mal ein Eis essen.<\/p>\n<p>Wir powern uns aus, lernen mit unseren Mitmenschen umzugehen und haben gemeinsam jede menge Spa\u00df.<\/p>\n<p><strong>Die Pfadis treffen sich bei uns siehe Gruppenstunden.<\/strong><\/p>\n","protected":false},"excerpt":{"rendered":"<p>Pfadistufe Die 10 bis 13-j\u00e4hrigen M\u00e4dchen geh\u00f6ren zu den Pfadis.\u00a0Sie haben hier die M\u00f6glichkeit selbstst\u00e4ndig zu arbeiten und kreativ zu werden, dabei erfahren viel \u00fcber die PSG und ihre eigene Gruppe. Hier ist Abendteuer angesagt! In den Gruppenstunden basteln, malen und werken wir sehr viel gemeinsam \u2013 sind kreativ, sind an der frischen Luft \u2013&#8230;<\/p>\n","protected":false},"author":2,"featured_media":0,"parent":0,"menu_order":0,"comment_status":"closed","ping_status":"closed","template":"elementor_header_footer","meta":[],"yoast_head":"<!-- This site is optimized with the Yoast SEO plugin v19.14 - https:\/\/yoast.com\/wordpress\/plugins\/seo\/ -->\n<title>Pfadistufe - [D]PSG Wernau<\/title>\n<meta name=\"robots\" content=\"index, follow, max-snippet:-1, max-image-preview:large, max-video-preview:-1\" \/>\n<link rel=\"canonical\" href=\"https:\/\/dpsg-wernau.de\/wordpress\/pfadistufe\/\" \/>\n<meta property=\"og:locale\" content=\"de_DE\" \/>\n<meta property=\"og:type\" content=\"article\" \/>\n<meta property=\"og:title\" content=\"Pfadistufe - [D]PSG Wernau\" \/>\n<meta property=\"og:description\" content=\"Pfadistufe Die 10 bis 13-j\u00e4hrigen M\u00e4dchen geh\u00f6ren zu den Pfadis.\u00a0Sie haben hier die M\u00f6glichkeit selbstst\u00e4ndig zu arbeiten und kreativ zu werden, dabei erfahren viel \u00fcber die PSG und ihre eigene Gruppe. Hier ist Abendteuer angesagt! In den Gruppenstunden basteln, malen und werken wir sehr viel gemeinsam \u2013 sind kreativ, sind an der frischen Luft \u2013...\" \/>\n<meta property=\"og:url\" content=\"https:\/\/dpsg-wernau.de\/wordpress\/pfadistufe\/\" \/>\n<meta property=\"og:site_name\" content=\"[D]PSG Wernau\" \/>\n<meta property=\"article:modified_time\" content=\"2022-11-08T09:23:29+00:00\" \/>\n<meta name=\"twitter:card\" content=\"summary_large_image\" \/>\n<meta name=\"twitter:label1\" content=\"Gesch\u00e4tzte Lesezeit\" \/>\n\t<meta name=\"twitter:data1\" content=\"1\u00a0Minute\" \/>\n<script type=\"application\/ld+json\" class=\"yoast-schema-graph\">{\"@context\":\"https:\/\/schema.org\",\"@graph\":[{\"@type\":\"WebPage\",\"@id\":\"https:\/\/dpsg-wernau.de\/wordpress\/pfadistufe\/\",\"url\":\"https:\/\/dpsg-wernau.de\/wordpress\/pfadistufe\/\",\"name\":\"Pfadistufe - [D]PSG Wernau\",\"isPartOf\":{\"@id\":\"https:\/\/dpsg-wernau.de\/wordpress\/#website\"},\"datePublished\":\"2020-11-04T20:38:48+00:00\",\"dateModified\":\"2022-11-08T09:23:29+00:00\",\"breadcrumb\":{\"@id\":\"https:\/\/dpsg-wernau.de\/wordpress\/pfadistufe\/#breadcrumb\"},\"inLanguage\":\"de\",\"potentialAction\":[{\"@type\":\"ReadAction\",\"target\":[\"https:\/\/dpsg-wernau.de\/wordpress\/pfadistufe\/\"]}]},{\"@type\":\"BreadcrumbList\",\"@id\":\"https:\/\/dpsg-wernau.de\/wordpress\/pfadistufe\/#breadcrumb\",\"itemListElement\":[{\"@type\":\"ListItem\",\"position\":1,\"name\":\"Startseite\",\"item\":\"https:\/\/dpsg-wernau.de\/wordpress\/\"},{\"@type\":\"ListItem\",\"position\":2,\"name\":\"Pfadistufe\"}]},{\"@type\":\"WebSite\",\"@id\":\"https:\/\/dpsg-wernau.de\/wordpress\/#website\",\"url\":\"https:\/\/dpsg-wernau.de\/wordpress\/\",\"name\":\"[D]PSG Wernau\",\"description\":\"Deutsche Pfadfinderschaft St. Georg und Pfadfinderinnenschaft St. Georg\",\"potentialAction\":[{\"@type\":\"SearchAction\",\"target\":{\"@type\":\"EntryPoint\",\"urlTemplate\":\"https:\/\/dpsg-wernau.de\/wordpress\/?s={search_term_string}\"},\"query-input\":\"required name=search_term_string\"}],\"inLanguage\":\"de\"}]}<\/script>\n<!-- \/ Yoast SEO plugin. -->","yoast_head_json":{"title":"Pfadistufe - [D]PSG Wernau","robots":{"index":"index","follow":"follow","max-snippet":"max-snippet:-1","max-image-preview":"max-image-preview:large","max-video-preview":"max-video-preview:-1"},"canonical":"https:\/\/dpsg-wernau.de\/wordpress\/pfadistufe\/","og_locale":"de_DE","og_type":"article","og_title":"Pfadistufe - [D]PSG Wernau","og_description":"Pfadistufe Die 10 bis 13-j\u00e4hrigen M\u00e4dchen geh\u00f6ren zu den Pfadis.\u00a0Sie haben hier die M\u00f6glichkeit selbstst\u00e4ndig zu arbeiten und kreativ zu werden, dabei erfahren viel \u00fcber die PSG und ihre eigene Gruppe. Hier ist Abendteuer angesagt! In den Gruppenstunden basteln, malen und werken wir sehr viel gemeinsam \u2013 sind kreativ, sind an der frischen Luft \u2013...","og_url":"https:\/\/dpsg-wernau.de\/wordpress\/pfadistufe\/","og_site_name":"[D]PSG Wernau","article_modified_time":"2022-11-08T09:23:29+00:00","twitter_card":"summary_large_image","twitter_misc":{"Gesch\u00e4tzte Lesezeit":"1\u00a0Minute"},"schema":{"@context":"https:\/\/schema.org","@graph":[{"@type":"WebPage","@id":"https:\/\/dpsg-wernau.de\/wordpress\/pfadistufe\/","url":"https:\/\/dpsg-wernau.de\/wordpress\/pfadistufe\/","name":"Pfadistufe - [D]PSG Wernau","isPartOf":{"@id":"https:\/\/dpsg-wernau.de\/wordpress\/#website"},"datePublished":"2020-11-04T20:38:48+00:00","dateModified":"2022-11-08T09:23:29+00:00","breadcrumb":{"@id":"https:\/\/dpsg-wernau.de\/wordpress\/pfadistufe\/#breadcrumb"},"inLanguage":"de","potentialAction":[{"@type":"ReadAction","target":["https:\/\/dpsg-wernau.de\/wordpress\/pfadistufe\/"]}]},{"@type":"BreadcrumbList","@id":"https:\/\/dpsg-wernau.de\/wordpress\/pfadistufe\/#breadcrumb","itemListElement":[{"@type":"ListItem","position":1,"name":"Startseite","item":"https:\/\/dpsg-wernau.de\/wordpress\/"},{"@type":"ListItem","position":2,"name":"Pfadistufe"}]},{"@type":"WebSite","@id":"https:\/\/dpsg-wernau.de\/wordpress\/#website","url":"https:\/\/dpsg-wernau.de\/wordpress\/","name":"[D]PSG Wernau","description":"Deutsche Pfadfinderschaft St. Georg und Pfadfinderinnenschaft St. Georg","potentialAction":[{"@type":"SearchAction","target":{"@type":"EntryPoint","urlTemplate":"https:\/\/dpsg-wernau.de\/wordpress\/?s={search_term_string}"},"query-input":"required name=search_term_string"}],"inLanguage":"de"}]}},"_links":{"self":[{"href":"https:\/\/dpsg-wernau.de\/wordpress\/wp-json\/wp\/v2\/pages\/761"}],"collection":[{"href":"https:\/\/dpsg-wernau.de\/wordpress\/wp-json\/wp\/v2\/pages"}],"about":[{"href":"https:\/\/dpsg-wernau.de\/wordpress\/wp-json\/wp\/v2\/types\/page"}],"author":[{"embeddable":true,"href":"https:\/\/dpsg-wernau.de\/wordpress\/wp-json\/wp\/v2\/users\/2"}],"replies":[{"embeddable":true,"href":"https:\/\/dpsg-wernau.de\/wordpress\/wp-json\/wp\/v2\/comments?post=761"}],"version-history":[{"count":8,"href":"https:\/\/dpsg-wernau.de\/wordpress\/wp-json\/wp\/v2\/pages\/761\/revisions"}],"predecessor-version":[{"id":1050,"href":"https:\/\/dpsg-wernau.de\/wordpress\/wp-json\/wp\/v2\/pages\/761\/revisions\/1050"}],"wp:attachment":[{"href":"https:\/\/dpsg-wernau.de\/wordpress\/wp-json\/wp\/v2\/media?parent=761"}],"curies":[{"name":"wp","href":"https:\/\/api.w.org\/{rel}","templated":true}]}}

<h2>Pfadistufe</h2>
<p>Die 10 bis 13-jährigen Mädchen gehören zu den Pfadis. Sie haben hier die Möglichkeit selbstständig zu arbeiten und kreativ zu werden, dabei erfahren viel über die PSG und ihre eigene Gruppe. Hier ist Abendteuer angesagt!</p>
<p>In den Gruppenstunden basteln, malen und werken wir sehr viel gemeinsam – sind kreativ, sind an der frischen Luft – erkunden die Natur. Gehen auf Schnitzeljagd, spielen Outdoorspiele oder gehen auch mal ein Eis essen.</p>
<p>Wir powern uns aus, lernen mit unseren Mitmenschen umzugehen und haben gemeinsam jede menge Spaß.</p>
<p><strong>Die Pfadis treffen sich bei uns siehe Gruppenstunden.</strong></p>

<p>Pfadistufe Die 10 bis 13-jährigen Mädchen gehören zu den Pfadis. Sie haben hier die Möglichkeit selbstständig zu arbeiten und kreativ zu werden, dabei erfahren viel über die PSG und ihre eigene Gruppe. Hier ist Abendteuer angesagt! In den Gruppenstunden basteln, malen und werken wir sehr viel gemeinsam – sind kreativ, sind an der frischen Luft –&#8230;</p>

<!-- This site is optimized with the Yoast SEO plugin v19.14 - https://yoast.com/wordpress/plugins/seo/ -->
<title>Pfadistufe - [D]PSG Wernau</title>
<meta name="robots" content="index, follow, max-snippet:-1, max-image-preview:large, max-video-preview:-1" />
<link rel="canonical" href="https://dpsg-wernau.de/wordpress/pfadistufe/" />
<meta property="og:locale" content="de_DE" />
<meta property="og:type" content="article" />
<meta property="og:title" content="Pfadistufe - [D]PSG Wernau" />
<meta property="og:description" content="Pfadistufe Die 10 bis 13-jährigen Mädchen gehören zu den Pfadis. Sie haben hier die Möglichkeit selbstständig zu arbeiten und kreativ zu werden, dabei erfahren viel über die PSG und ihre eigene Gruppe. Hier ist Abendteuer angesagt! In den Gruppenstunden basteln, malen und werken wir sehr viel gemeinsam – sind kreativ, sind an der frischen Luft –..." />
<meta property="og:url" content="https://dpsg-wernau.de/wordpress/pfadistufe/" />
<meta property="og:site_name" content="[D]PSG Wernau" />
<meta property="article:modified_time" content="2022-11-08T09:23:29+00:00" />
<meta name="twitter:card" content="summary_large_image" />
<meta name="twitter:label1" content="Geschätzte Lesezeit" />
	<meta name="twitter:data1" content="1 Minute" />
<script type="application/ld+json" class="yoast-schema-graph">{"@context":"https://schema.org","@graph":[{"@type":"WebPage","@id":"https://dpsg-wernau.de/wordpress/pfadistufe/","url":"https://dpsg-wernau.de/wordpress/pfadistufe/","name":"Pfadistufe - [D]PSG Wernau","isPartOf":{"@id":"https://dpsg-wernau.de/wordpress/#website"},"datePublished":"2020-11-04T20:38:48+00:00","dateModified":"2022-11-08T09:23:29+00:00","breadcrumb":{"@id":"https://dpsg-wernau.de/wordpress/pfadistufe/#breadcrumb"},"inLanguage":"de","potentialAction":[{"@type":"ReadAction","target":["https://dpsg-wernau.de/wordpress/pfadistufe/"]}]},{"@type":"BreadcrumbList","@id":"https://dpsg-wernau.de/wordpress/pfadistufe/#breadcrumb","itemListElement":[{"@type":"ListItem","position":1,"name":"Startseite","item":"https://dpsg-wernau.de/wordpress/"},{"@type":"ListItem","position":2,"name":"Pfadistufe"}]},{"@type":"WebSite","@id":"https://dpsg-wernau.de/wordpress/#website","url":"https://dpsg-wernau.de/wordpress/","name":"[D]PSG Wernau","description":"Deutsche Pfadfinderschaft St. Georg und Pfadfinderinnenschaft St. Georg","potentialAction":[{"@type":"SearchAction","target":{"@type":"EntryPoint","urlTemplate":"https://dpsg-wernau.de/wordpress/?s={search_term_string}"},"query-input":"required name=search_term_string"}],"inLanguage":"de"}]}</script>
<!-- / Yoast SEO plugin. -->

Pfadistufe Die 10 bis 13-jährigen Mädchen gehören zu den Pfadis. Sie haben hier die Möglichkeit selbstständig zu arbeiten und kreativ zu werden, dabei erfahren viel über die PSG und ihre eigene Gruppe. Hier ist Abendteuer angesagt! In den Gruppenstunden basteln, malen und werken wir sehr viel gemeinsam – sind kreativ, sind an der frischen Luft –...
